5
What is the remainder when 201626 is divided by 104?
74
Calculate the remainder when 185811 is divided by 267.
246
What is the remainder when 1691 is divided by 268?
83
What is the remainder when 179097 is divided by 22?
17
Calculate the remainder when 43151 is divided by 35.
31
Calculate the remainder when 104302 is divided by 7.
2
What is the remainder when 13229 is divided by 210?
209
What is the remainder when 2438 is divided by 1182?
74
Calculate the remainder when 18445 is divided by 6102.
139
Calculate the remainder when 19351 is divided by 691.
3
Calculate the remainder when 1235 is divided by 203.
17
What is the remainder when 5738 is divided by 722?
684
What is the remainder when 23690 is divided by 90?
20
Calculate the remainder when 272829 is divided by 14.
11
Calculate the remainder when 14945 is divided by 26.
21
Calculate the remainder when 949 is divided by 817.
132
What is the remainder when 385 is divided by 91?
21
Calculate the remainder when 307210 is divided by 36.
22
What is the remainder when 2548 is divided by 539?
392
Calculate the remainder when 1108 is divided by 677.
431
What is the remainder when 43796 is divided by 40?
36
What is the remainder when 22182 is divided by 11088?
6
What is the remainder when 5442 is divided by 1703?
333
Calculate the remainder when 349658 is divided by 58273.
20
What is the remainder when 527 is divided by 337?
190
What is the remainder when 40013 is divided by 13220?
353
Calculate the remainder when 320181 is divided by 51.
3
What is the remainder when 360579 is divided by 114?
111
Calculate the remainder when 15671 is divided by 2604.
47
What is the remainder when 13933 is divided by 263?
257
What is the remainder when 4962 is divided by 191?
187
Calculate the remainder when 77667 is divided by 411.
399
What is the remainder when 5622 is divided by 74?
72
Calculate the remainder when 22254 is divided by 370.
54
What is the remainder when 3113 is divided by 655?
493
What is the remainder when 15681 is divided by 46?
41
Calculate the remainder when 55154 is divided by 259.
246
Calculate the remainder when 839 is divided by 351.
137
What is the remainder when 30391 is divided by 2026?
1
What is the remainder when 1886 is divided by 377?
1
Calculate the remainder when 226981 is divided by 125.
106
What is the remainder when 561798 is divided by 35112?
6
What is the remainder when 103358 is divided by 17225?
8
Calculate the remainder when 9296 is divided by 934.
890
Calculate the remainder when 32209 is divided by 1381.
446
What is the remainder when 124736 is divided by 270?
266
What is the remainder when 64833 is divided by 49?
6
Calculate the remainder when 111488 is divided by 6548.
172
What is the remainder when 2298 is divided by 1429?
869
What is the remainder when 10973 is divided by 229?
210
Calculate the remainder when 3820 is divided by 116.
108
Calculate the remainder when 180453 is divided by 206.
203
What is the remainder when 48129 is divided by 354?
339
What is the remainder when 1917131 is divided by 1574?
1573
Calculate the remainder when 78879 is divided by 78807.
72
What is the remainder when 1014 is divided by 498?
18
What is the remainder when 159058 is divided by 9940?
18
What is the remainder when 711408 is divided by 237133?
9
Calculate the remainder when 204134 is divided by 125.
9
Calculate the remainder when 1318093 is divided by 45.
43
What is the remainder when 2878 is divided by 2285?
593
What is the remainder when 46903 is divided by 30?
13
What is the remainder when 2743 is divided by 2041?
702
Calculate the remainder when 2879600 is divided by 418.
416
What is the remainder when 3557 is divided by 1761?
35
Calculate the remainder when 1383 is divided by 676.
31
What is the remainder when 28931 is divided by 19?
13
Calculate the remainder when 16123 is divided by 422.
87
What is the remainder when 76713 is divided by 9?
6
What is the remainder when 15461 is divided by 76?
33
What is the remainder when 1019484 is divided by 428?
416
What is the remainder when 34937 is divided by 771?
242
What is the remainder when 2979656 is divided by 62?
60
What is the remainder when 283183 is divided by 202?
181
What is the remainder when 2427 is divided by 346?
5
Calculate the remainder when 92185 is divided by 23032.
57
Calculate the remainder when 107368 is divided by 15.
13
What is the remainder when 5821 is divided by 5749?
72
Calculate the remainder when 16867 is divided by 70.
67
What is the remainder when 17370 is divided by 169?
132
Calculate the remainder when 34960 is divided by 1059.
13
What is the remainder when 2818 is divided by 187?
13
What is the remainder when 22958 is divided by 55?
23
Calculate the remainder when 4660 is divided by 28.
12
What is the remainder when 12285 is divided by 6141?
3
What is the remainder when 1565901 is divided by 408?
405
Calculate the remainder when 1619 is divided by 48.
35
What is the remainder when 183689 is divided by 732?
689
What is the remainder when 302672 is divided by 7?
6
What is the remainder when 17570 is divided by 92?
90
What is the remainder when 41753 is divided by 399?
257
What is the remainder when 158 is divided by 3?
2
What is the remainder when 42000 is divided by 10498?
8
Calculate the remainder when 17532 is divided by 3.
0
Calculate the remainder when 142279 is divided by 1111.
71
What is the remainder when 83192 is divided by 586?
566
Calculate the remainder when 1313980 is divided by 6.
4
What is the remainder when 95632 is divided by 973?
278
Calculate the remainder when 19465 is divided by 151.
137
Calculate the remainder when 98196 is divided by 98122.
74
What is the remainder when 684 is divided by 66?
24
What is the remainder when 253068 is divided by 84353?
9
What is the remainder when 4679 is divided by 329?
73
What is the remainder when 660 is divided by 19?
14
What is the remainder when 253461 is divided by 815?
811
Calculate the remainder when 314916 is divided by 972.
960
What is the remainder when 20701 is divided by 625?
76
Calculate the remainder when 5142 is divided by 124.
58
Calculate the remainder when 740 is divided by 398.
342
What is the remainder when 49586 is divided by 271?
264
What is the remainder when 13144 is divided by 6543?
58
What is the remainder when 117894 is divided by 117874?
20
Calculate the remainder when 163475 is divided by 57.
56
What is the remainder when 10779 is divided by 1539?
6
Calculate the remainder when 538484 is divided by 82.
72
Calculate the remainder when 648 is divided by 200.
48
Calculate the remainder when 326950 is divided by 43.
21
What is the remainder when 6047 is divided by 1904?
335
Calculate the remainder when 501974 is divided by 380.
374
What is the remainder when 38047 is divided by 67?
58
Calculate the remainder when 11435 is divided by 544.
11
Calculate the remainder when 550695 is divided by 91781.
9
Calculate the remainder when 3751895 is divided by 24.
23
Calculate the remainder when 12511 is divided by 695.
1
What is the remainder when 13335 is divided by 208?
23
What is the remainder when 3059468 is divided by 15?
8
What is the remainder when 840 is divided by 267?
39
What is the remainder when 156462 is divided by 47?
46
What is the remainder when 4299 is divided by 244?
151
What is the remainder when 87358 is divided by 448?
446
What is the remainder when 200 is divided by 35?
25
Calculate the remainder when 1095087 is divided by 365024.
15
What is the remainder when 45414 is divided by 1296?
54
Calculate the remainder when 13332 is divided by 1133.
869
What is the remainder when 6335 is divided by 61?
52
What is the remainder when 9235 is divided by 487?
469
Calculate the remainder when 63695 is divided by 995.
15
Calculate the remainder when 1868 is divided by 1866.
2
Calculate the remainder when 96593 is divided by 2925.
68
What is the remainder when 65533 is divided by 21839?
16
Calculate the remainder when 17430 is divided by 30.
0
Calculate the remainder when 13714 is divided by 13697.
17
Calculate the remainder when 202261 is divided by 63.
31
What is the remainder when 27810 is divided by 1264?
2
Calculate the remainder when 64763 is divided by 13.
10
What is the remainder when 4581 is divided by 90?
81
Cal